rue
Is 12197 composite?
False
Is 766163 prime?
True
Is 89849 composite?
False
Is 122861 a composite number?
False
Is 31867 composite?
True
Is 415 prime?
False
Is 277637 prime?
True
Is 1829717 a prime number?
True
Is 24841 a composite number?
False
Is 135703 prime?
False
Is 18007 a composite number?
True
Is 377459 a composite number?
False
Is 4193 a composite number?
True
Is 31219 a composite number?
False
Is 24121 composite?
False
Is 11959 prime?
True
Is 46471 a prime number?
True
Is 4181 prime?
False
Is 33457 a composite number?
False
Is 1243309 composite?
False
Is 23367 a prime number?
False
Is 157627 a composite number?
False
Is 25073 composite?
False
Is 44101 a prime number?
True
Is 3676711 a prime number?
False
Is 45281 a composite number?
False
Is 100105 composite?
True
Is 44827 a composite number?
True
Is 45743 prime?
False
Is 28261 a prime number?
False
Is 180655 prime?
False
Is 30359 prime?
False
Is 541 a composite number?
False
Is 66349 a composite number?
True
Is 238397 composite?
False
Is 895 a prime number?
False
Is 49081 prime?
True
Is 14741 a composite number?
False
Is 13483 a composite number?
True
Is 32531 a prime number?
True
Is 92873 a prime number?
False
Is 519 prime?
False
Is 1228267 a prime number?
False
Is 247297 a prime number?
False
Is 24593 prime?
True
Is 14822 a prime number?
False
Is 33211 composite?
False
Is 161503 prime?
True
Is 4073 a prime number?
True
Is 79669 a prime number?
True
Is 341027 a composite number?
False
Is 132413 prime?
False
Is 17863 composite?
False
Is 30893 composite?
False
Is 3403 a prime number?
False
Is 401035 a composite number?
True
Is 662 prime?
False
Is 122861 a composite number?
False
Is 4591 composite?
False
Is 1973 a prime number?
True
Is 15499 a prime number?
False
Is 617618 prime?
False
Is 324179 a composite number?
False
Is 309999 prime?
False
Is 18111 prime?
False
Is 18623 composite?
True
Is 1896293 prime?
False
Is 2927 a composite number?
False
Is 230591 composite?
True
Is 185737 a prime number?
True
Is 1203503 prime?
False
Is 12841 a composite number?
False
Is 127373 composite?
False
Is 11777 a composite number?
False
Is 136057 prime?
True
Is 2161 a prime number?
True
Is 40133 a prime number?
False
Is 18587 prime?
True
Is 2099 a composite number?
False
Is 972221 a composite number?
False
Is 5501 a composite number?
False
Is 95449 a composite number?
True
Is 29303 prime?
True
Is 136501 prime?
True
Is 2373529 prime?
True
Is 243653 composite?
True
Is 127 prime?
True
Is 787003 composite?
True
Is 11629 prime?
False
Is 2957 a composite number?
False
Is 13963 prime?
True
Is 8573 a composite number?
False
Is 33287 prime?
True
Is 95171 a prime number?
False
Is 16309 prime?
False
Is 149843 composite?
True
Is 468505 prime?
False
Is 19661 a composite number?
False
Is 122086 a composite number?
True
Is 4915 a composite number?
True
Is 44579 a prime number?
True
Is 3541 composite?
False
Is 190147 prime?
True
Is 419 prime?
True
Is 121178 a composite number?
True
Is 12247 a composite number?
True
Is 574903 a composite number?
True
Is 452923 a prime number?
True
Is 175631 composite?
False
Is 1861 prime?
True
Is 4353 composite?
True
Is 105299 prime?
False
Is 50647 a composite number?
False
Is 828899 a prime number?
True
Is 31873 composite?
False
Is 46339 a prime number?
False
Is 13389 a prime number?
False
Is 22901 a composite number?
False
Is 3288567 composite?
True
Is 6947 a composite number?
False
Is 2361 prime?
False
Is 14277 a prime number?
False
Is 436459 a prime number?
True
Is 2503613 a composite number?
True
Is 52949 a prime number?
False
Is 139189 a composite number?
True
Is 1875399 composite?
True
Is 13001 a prime number?
True
Is 13639 a prime number?
False
Is 107579 a composite number?
True
Is 21207 a composite number?
True
Is 281977 composite?
True
Is 26479 a composite number?
False
Is 78721 a composite number?
False
Is 79649 composite?
True
Is 653639 a prime number?
False
Is 141209 a prime number?
True
Is 652307 prime?
False
Is 166087 a composite number?
True
Is 1856411 a composite number?
False
Is 16183 a composite number?
False
Is 34031 a prime number?
True
Is 491 a composite number?
False
Is 127079 prime?
True
Is 70049 prime?
False
Is 326253 a prime number?
False
Is 11341 composite?
True
Is 33401 prime?
False
Is 135259 prime?
False
Is 10401 composite?
True
Is 2573 prime?
False
Is 23497 prime?
True
Is 141907 a prime number?
True
Is 6731 composite?
True
Is 15203 a composite number?
True
Is 94 composite?
True
Is 22897 a composite number?
True
Is 27413 composite?
True
Is 8339 a prime number?
False
Is 1655531 a composite number?
False
Is 1543 composite?
False
Is 2743 a prime number?
False
Is 12389 a composite number?
True
Is 6371 prime?
False
Is 117223 a prime number?
True
Is 411287 prime?
True
Is 14689 a prime number?
False
Is 29287 prime?
True
Is 12889 prime?
True
Is 3946 composite?
True
Is 1709837 composite?
False
Is 59333 a prime number?
True
Is 3787 prime?
False
Is 797309 composite?
False
Is 34721 composite?
False
Is 49253 prime?
True
Is 129793 composite?
False
Is 302683 a composite number?
True
Is 3691 prime?
True
Is 51479 a prime number?
True
Is 129169 a composite number?
False
Is 104947 composite?
False
Is 13173 a composite number?
True
Is 769499 a prime number?
False
Is 13766 a composite number?
True
Is 787 a prime number?
True
Is 34319 prime?
True
Is 58983 a composite number?
True
Is 731327 composite?
False
Is 3115991 prime?
True
Is 20283 a composite number?
True
Is 34285 prime?
False
Is 50021 a prime number?
True
Is 11057 composite?
False
Is 37667 prime?
False
Is 695 composite?
True
Is 1011187 a composite number?
True
Is 42169 composite?
False
Is 10407 prime?
False
Is 161159 a prime number?
True
Is 509 prime?
True
Is 274393 composite?
True
Is 2001481 composite?
False
Is 333713 composite?
False
Is 3282817 prime?
True
Is 77755 prime?
False
Is 54523 prime?
False
Is 503 a composite number?
False
Is 745907 composite?
True
Is 1901 a composite number?
False
Is 154571 prime?
True
Is 439613 prime?
True
Is 13669 prime?
True
Is 75441 a composite number?
True
Is 1177837 prime?
False
Is 6539 composite?
True
Is 1926073 a composite number?
True
Is 14197 composite?
False
Is 587 a prime number?
True
Is 45093 a composite number?
True
Is 2317 prime?
False
Is 49409 a composite number?
False
Is 619537 composite?
False
Is 145814 prime?
False
Is 79751 composite?
True
Is 51349 composite?
False
Is 103157 prime?
False
Is 1609411 a composite number?
True
Is 567991 a prime number?
True
Is 2773 a prime number?
False
Is 39187 prime?
False
Is 67523 a composite number?
False
Is 42301 a prime number?
False
Is 17657 prime?
True
Is 10553 a composite number?
True
Is 294241 prime?
True
Is 51655 composite?
True
Is 877 a prime number?
True
Is 212191 prime?
False
Is 5791 a composite number?
False
Is 880483 a composite number?
False
Is 5161 composite?
True
Is 74647 composite?
True
Is 2098639 a composite number?
False
Is 92687 composite?
True
Is 100921 composite?
True
Is 107239 prime?
False
Is 4909 a prime number?
True
Is 25009 prime?
False
Is 146639 composite?
False
Is 84563 prime?
False
Is 28733 a prime number?
False
Is 6121 composite?
False
Is 9561 a composite number?
True
Is 1591 a composite number?
True
Is 3743 composite?
True
Is 56081 a prime number?
True
Is 101939 prime?
True
Is 80005 a composite number?
True
Is 3631379 prime?
True
Is 400597 composite?
False
Is 5077 a prime number?
True
Is 23663 a composite number?
False
Is 5669 a composite number?
False
Is 696047 a prime number?
False
Is 50351 prime?
False
Is 8173 a composite number?
True
Is 1733 composite?
False
Is 113501 a composite number?
False
Is 9131 composite?
True
Is 69737 composite?
False
Is 28687 composite?
False
Is 443363 composite?
False
Is 2153 a composite number?
False
Is 26473 a composite number?
True
Is 251987 composite?
True
Is 3547 a prime number?
True
Is 1334359 composite?
True
Is 9053 a prime number?
False
Is 6667 prime?
False
Is 1049201 a prime number?
True
Is 713 a composite number?
True
Is 5663 a composite number?
True
Is 152357 composite?
True
Is 16301 a prime number?
True
Is 2747 composite?
True
Is 61253 a prime number?
True
Is 21161 composite?
True
Is 105871 a prime number?
True
Is 173483 prime?
True
Is 1076903 prime?
True
Is 1